tor of 253 and 11?
11
Calculate the greatest common divisor of 651 and 42.
21
What is the greatest common factor of 10020 and 50?
10
What is the highest common divisor of 12096 and 21?
21
What is the highest common factor of 126 and 105714?
126
What is the highest common divisor of 456 and 3744?
24
What is the greatest common divisor of 200 and 325?
25
What is the greatest common divisor of 72 and 61704?
72
Calculate the greatest common divisor of 642 and 535.
107
What is the highest common factor of 5 and 55?
5
What is the greatest common factor of 2177 and 28?
7
Calculate the highest common divisor of 220 and 140.
20
Calculate the greatest common divisor of 43 and 9417.
43
What is the highest common divisor of 184 and 253?
23
What is the highest common divisor of 531 and 9263?
59
Calculate the greatest common factor of 3075 and 2025.
75
Calculate the greatest common divisor of 61 and 7.
1
What is the greatest common factor of 609 and 464?
29
Calculate the highest common divisor of 612 and 714.
102
Calculate the greatest common divisor of 64 and 8.
8
Calculate the greatest common divisor of 122 and 4697.
61
What is the highest common divisor of 822 and 3?
3
Calculate the greatest common factor of 30 and 2445.
15
What is the highest common factor of 3360 and 147?
21
What is the greatest common divisor of 14 and 62?
2
Calculate the highest common divisor of 4029 and 357.
51
Calculate the highest common divisor of 105 and 2380.
35
What is the highest common factor of 40 and 285?
5
Calculate the highest common factor of 60 and 6810.
30
Calculate the greatest common factor of 14 and 14238.
14
Calculate the highest common divisor of 32 and 28.
4
Calculate the highest common divisor of 192 and 1776.
48
Calculate the highest common divisor of 126 and 3010.
14
Calculate the greatest common divisor of 6019 and 91.
13
What is the highest common factor of 11 and 10?
1
Calculate the highest common divisor of 3009 and 531.
177
Calculate the highest common divisor of 342 and 2622.
114
Calculate the highest common divisor of 280 and 42.
14
What is the highest common factor of 826 and 14?
14
Calculate the highest common factor of 118 and 1298.
118
What is the greatest common divisor of 1173 and 51?
51
Calculate the highest common factor of 8 and 14.
2
What is the greatest common factor of 21 and 301?
7
Calculate the highest common factor of 280 and 2630.
10
Calculate the highest common divisor of 360 and 60840.
360
What is the greatest common factor of 2262 and 780?
78
Calculate the highest common divisor of 234 and 16614.
234
What is the greatest common factor of 14 and 35?
7
What is the highest common factor of 21 and 8043?
21
What is the highest common factor of 63 and 1512?
63
What is the highest common factor of 423 and 7473?
141
Calculate the greatest common factor of 8262 and 153.
153
What is the greatest common divisor of 18 and 99?
9
What is the greatest common divisor of 8 and 6166?
2
Calculate the greatest common divisor of 1209 and 186.
93
Calculate the greatest common divisor of 22 and 154.
22
Calculate the greatest common divisor of 20 and 6.
2
Calculate the highest common factor of 48 and 102.
6
What is the greatest common divisor of 20424 and 69?
69
What is the greatest common divisor of 74 and 74?
74
What is the greatest common divisor of 65 and 25?
5
What is the highest common factor of 182 and 70?
14
Calculate the highest common factor of 1152 and 216.
72
Calculate the highest common divisor of 936 and 1014.
78
What is the greatest common factor of 62 and 1147?
31
What is the greatest common divisor of 2277 and 297?
99
What is the highest common divisor of 594 and 561?
33
What is the greatest common factor of 8 and 556?
4
What is the greatest common divisor of 40 and 190?
10
What is the greatest common divisor of 8550 and 10?
10
Calculate the greatest common divisor of 6 and 2151.
3
Calculate the greatest common factor of 70 and 3010.
70
What is the highest common divisor of 558 and 46593?
279
Calculate the highest common factor of 6 and 363.
3
What is the highest common factor of 1152 and 234?
18
What is the highest common factor of 3002 and 2528?
158
What is the highest common factor of 192 and 114?
6
What is the greatest common divisor of 91 and 26?
13
Calculate the greatest common divisor of 28 and 896.
28
Calculate the greatest common factor of 46 and 138.
46
What is the highest common divisor of 89 and 7921?
89
Calculate the highest common divisor of 14 and 35.
7
What is the greatest common factor of 143 and 624?
13
What is the highest common divisor of 66300 and 390?
390
Calculate the highest common factor of 60 and 670.
10
What is the highest common factor of 1 and 19?
1
What is the greatest common divisor of 280 and 56?
56
What is the greatest common divisor of 1702 and 92?
46
What is the highest common factor of 1728 and 1836?
108
Calculate the highest common divisor of 16663 and 19.
19
What is the greatest common divisor of 60 and 42?
6
What is the highest common factor of 801 and 243?
9
What is the greatest common divisor of 40 and 290?
10
What is the highest common factor of 50 and 350?
50
Calculate the highest common divisor of 759 and 46.
23
What is the highest common divisor of 188 and 329?
47
What is the highest common divisor of 147 and 49?
49
What is the greatest common factor of 255 and 68?
17
What is the greatest common divisor of 216 and 3132?
108
Calculate the greatest common factor of 32 and 5004.
4
What is the highest common divisor of 1715 and 133?
7
Calculate the highest common divisor of 324 and 243.
81
Calculate the highest common divisor of 615 and 45.
15
Calculate the highest common factor of 17 and 34.
17
Calculate the highest common divisor of 455 and 130.
65
What is the greatest common factor of 95 and 2375?
95
Calculate the highest common divisor of 28 and 196.
28
Calculate the greatest common factor of 13 and 39.
13
What is the greatest common divisor of 266 and 224?
14
What is the highest common factor of 1978 and 258?
86
Calculate the greatest common divisor of 9469 and 136.
17
What is the highest common factor of 1215 and 5?
5
Calculate the highest common factor of 44 and 737.
11
What is the highest common factor of 9393 and 186?
93
Calculate the highest common divisor of 517 and 5217.
47
Calculate the highest common factor of 80 and 15.
5
Calculate the highest common factor of 561 and 13651.
187
Calculate the greatest common divisor of 3875 and 5.
5
What is the greatest common factor of 620 and 40?
20
What is the highest common divisor of 135 and 195?
15
What is the greatest common divisor of 76 and 1292?
76
What is the greatest common factor of 44 and 66?
22
Calculate the greatest common divisor of 66 and 374.
22
Calculate the greatest common divisor of 700 and 3700.
100
Calculate the greatest common divisor of 84 and 36.
12
What is the greatest common divisor of 156 and 18?
6
What is the highest common divisor of 1029 and 28?
7
What is the highest common divisor of 3 and 3?
3
Calculate the greatest common divisor of 13 and 1326.
13
Calculate the greatest common divisor of 39 and 11.
1
What is the greatest common divisor of 1 and 1?
1
Calculate the highest common divisor of 10 and 11435.
5
Calculate the greatest common divisor of 2790 and 180.
90
What is the highest common factor of 54 and 243?
27
What is the greatest common divisor of 450 and 1755?
45
Calculate the highest common factor of 86 and 602.
86
Calculate the highest common factor of 154 and 4564.
14
Calculate the highest common factor of 429 and 627.
33
What is the greatest common divisor of 1595 and 58?
29
What is the highest common divisor of 2547 and 9?
9
Calculate the highest common divisor of 100 and 32.
4
What is the highest common factor of 44 and 186?
2
Calculate the greatest common divisor of 378 and 21.
21
What is the highest common factor of 297 and 999?
27
What is the highest common factor of 1120 and 120?
40
Calculate the greatest common factor of 984 and 96.
24
What is the greatest common divisor of 441 and 42?
21
What is the highest common divisor of 95 and 133?
19
Calculate the highest common divisor of 25602 and 251.
251
Calculate the highest common factor of 19 and 342.
19
What is the highest common divisor of 1652 a